s 112 a factor of 2194640?
True
Does 348 divide 1492090?
False
Is 8 a factor of 3917491?
False
Does 14 divide 588946?
False
Is 2283815 a multiple of 47?
False
Is 360506 a multiple of 19?
True
Does 2 divide 29122?
True
Does 68 divide 3564105?
False
Does 242 divide 14053717?
False
Is 3 a factor of 6505?
False
Is 10 a factor of 1854768?
False
Is 37 a factor of 1768563?
True
Does 389 divide 15259303?
True
Is 2331 a factor of 7150008?
False
Is 3 a factor of 315578?
False
Is 14 a factor of 292740?
True
Is 99000 a multiple of 72?
True
Is 1074 a factor of 4994024?
False
Is 465 a factor of 194167?
False
Does 71 divide 7052146?
True
Is 418 a factor of 334818?
True
Is 143484 a multiple of 44?
True
Is 383 a factor of 5072383?
False
Is 21182 a multiple of 48?
False
Does 8 divide 32136?
True
Does 4 divide 38320?
True
Is 7063104 a multiple of 96?
True
Does 177 divide 296303?
False
Is 16 a factor of 3333744?
True
Does 12 divide 1619418?
False
Does 33 divide 8802008?
False
Is 561829 a multiple of 134?
False
Is 842793 a multiple of 230?
False
Does 7 divide 289959?
False
Is 63 a factor of 14971572?
True
Is 31 a factor of 9081016?
True
Is 684868 a multiple of 224?
False
Does 983 divide 460407?
False
Is 80602 a multiple of 22?
False
Does 64 divide 259412?
False
Is 765 a factor of 1551818?
False
Is 80 a factor of 1220320?
True
Does 74 divide 119903?
False
Does 20 divide 768135?
False
Does 37 divide 21341453?
False
Does 93 divide 162657?
True
Is 34 a factor of 98199?
False
Is 373 a factor of 345398?
True
Is 528040 a multiple of 32?
False
Is 656812 a multiple of 195?
False
Is 361680 a multiple of 176?
True
Does 59 divide 512753?
False
Is 192829 a multiple of 147?
False
Does 8 divide 1747547?
False
Is 1008348 a multiple of 44?
True
Is 703567 a multiple of 26?
False
Does 400 divide 214115?
False
Is 6 a factor of 2342444?
False
Is 189 a factor of 420714?
True
Is 46 a factor of 103132?
True
Is 473767 a multiple of 240?
False
Does 60 divide 25260?
True
Is 514 a factor of 633237?
False
Is 85967 a multiple of 30?
False
Is 18622660 a multiple of 28?
True
Is 6706504 a multiple of 917?
False
Does 25 divide 205325?
True
Is 37 a factor of 2637582?
True
Is 124511 a multiple of 13?
False
Is 99874 a multiple of 11?
False
Is 1079624 a multiple of 179?
False
Does 410 divide 150060?
True
Is 127021 a multiple of 82?
False
Is 16512 a multiple of 6?
True
Is 7 a factor of 1594670?
True
Is 189 a factor of 2720844?
True
Is 293509 a multiple of 71?
False
Is 1209 a factor of 9233133?
True
Is 527280 a multiple of 15?
True
Is 314 a factor of 2135433?
False
Is 53 a factor of 120560?
False
Is 19 a factor of 50692?
True
Is 24 a factor of 200304?
True
Is 284922 a multiple of 66?
True
Does 14 divide 11070290?
True
Is 129 a factor of 234991?
False
Does 60 divide 1206561?
False
Does 13 divide 12520049?
False
Is 486336 a multiple of 51?
True
Is 16929899 a multiple of 28?
False
Is 39 a factor of 34432?
False
Is 1975344 a multiple of 211?
False
Does 320 divide 74560?
True
Is 12 a factor of 462684?
True
Is 1555344 a multiple of 144?
True
Is 18229 a multiple of 11?
False
Does 22 divide 2408516?
True
Is 296935 a multiple of 2?
False
Does 140 divide 319057?
False
Does 19 divide 1397423?
False
Does 224 divide 3444672?
True
Is 180 a factor of 566604?
False
Is 5 a factor of 694050?
True
Does 34 divide 1578178?
True
Is 30 a factor of 15043380?
True
Does 30 divide 1158323?
False
Does 577 divide 485257?
True
Is 189958 a multiple of 302?
True
Is 3101636 a multiple of 43?
False
Is 12695124 a multiple of 13?
True
Does 39 divide 1049110?
False
Is 679 a factor of 6185690?
True
Does 206 divide 2019476?
False
Does 35 divide 1640450?
True
Is 79 a factor of 71811?
True
Does 331 divide 21726?
False
Is 10 a factor of 181280?
True
Is 67107 a multiple of 24?
False
Is 11 a factor of 1225686?
True
Is 533 a factor of 8390860?
False
Is 12 a factor of 109200?
True
Is 3586046 a multiple of 41?
False
Does 1695 divide 10120845?
True
Does 15 divide 195105?
True
Is 25 a factor of 9200?
True
Does 306 divide 7293714?
False
Does 38 divide 1963177?
False
Is 5 a factor of 161333?
False
Is 2169658 a multiple of 6?
False
Is 400831 a multiple of 61?
True
Does 1162 divide 386619?
False
Is 25 a factor of 294557?
False
Does 3 divide 181986?
True
Is 54677 a multiple of 150?
False
Does 886 divide 8563190?
True
Does 181 divide 10335643?
True
Does 6 divide 3558683?
False
Is 46 a factor of 512946?
True
Is 6 a factor of 6231?
False
Is 4 a factor of 10102?
False
Is 161588 a multiple of 116?
True
Is 4 a factor of 172055?
False
Does 91 divide 158710?
False
Is 91948 a multiple of 362?
True
Is 2693538 a multiple of 991?
True
Is 8460443 a multiple of 1147?
False
Is 11 a factor of 68695?
True
Is 411 a factor of 5267510?
False
Does 42 divide 184436?
False
Does 44 divide 1552975?
False
Does 35 divide 59395?
True
Is 13350195 a multiple of 352?
False
Is 645138 a multiple of 9?
True
Is 12334 even?
True
Is 280603 a multiple of 69?
False
Is 11 a factor of 8799855?
False
Does 93 divide 1683579?
True
Is 10827 a multiple of 68?
False
Is 2062508 a multiple of 28?
True
Is 13 a factor of 2594748?
True
Does 15 divide 663705?
True
Does 12 divide 12286776?
True
Does 837 divide 2264085?
True
Is 2006959 a multiple of 22?
False
Is 7132084 a multiple of 491?
False
Is 5157811 a multiple of 15?
False
Is 275 a factor of 67100?
True
Is 92 a factor of 26419364?
True
Is 769412 a multiple of 7?
True
Does 5 divide 1038089?
False
Does 7 divide 37705?
False
Does 19 divide 167637?
True
Does 75 divide 761400?
True
Is 1553601 a multiple of 392?
False
Does 6 divide 152623?
False
Does 2 divide 1865820?
True
Is 43 a factor of 112359?
True
Does 452 divide 135600?
True
Is 264 a factor of 257664?
True
Is 122191 a multiple of 322?
False
Is 39 a factor of 55010?
False
Is 5422788 a multiple of 108?
True
Is 66360 a multiple of 120?
True
Is 205110 a multiple of 795?
True
Is 23757 a multiple of 28?
False
Does 57 divide 263682?
True
Is 33777 a multiple of 2?
False
Is 5 a factor of 203417?
False
Does 116 divide 1019851?
False
Is 47 a factor of 76610?
True
Is 638271 a multiple of 7?
False
Is 64 a factor of 427904?
True
Is 5 a factor of 63868?
False
Is 510 a factor of 1734510?
True
Is 4 a factor of 49326?
False
Does 55 divide 1348380?
True
Is 1549212 a multiple of 78?
False
Is 17 a factor of 8228?
True
Is 53968 a multiple of 12?
False
Is 6 a factor of 440214?
True
Is 1000 a factor of 6003191?
False
Is 2031767 a multiple of 40?
False
Is 342 a factor of 232902?
True
Does 27 divide 3252690?
True
Is 7 a factor of 84581?
True
Is 1023592 a multiple of 8?
True
Is 64371 a multiple of 3?
True
Does 19 divide 68307?
False
Does 180 divide 91080?
True
Does 48 divide 3168?
True
Does 21 divide 67751?
False
Does 67 divide 849045?
False
Does 9 divide 1394154?
True
Is 327 a factor of 18582501?
False
Does 30 divide 242566?
False
Does 27 divide 486891?
True
Is 47 a factor of 28341?
True
Does 37 divide 991320?
False
Is 147 a factor of 4976015?
False
Is 4708805 a multiple of 10?
False
Is 14439040 a multiple of 44?
True
Is 60 a factor of 4531712?
False
Is 23 a factor of 994592?
False
Is 1412006 a multiple of 11?
False
Does 11 divide 481734?
True
Does 19 divide 36214?
True
Is 56 a factor of 1687448?
True
Does 174 divide 7088987?
False
Is 3309360 a multiple of 20?
True
Does 40 divide 90920?
True
Is 3359922 a multiple of 114?
True
Does 6 divide 9190?
False
Is 589440 a multiple of 320?
True
Does 67 divide 9825550?
True
Is 1311 a factor of 1637962?
False
Does 11 divide 75768?
True
Is 2115036 a multiple of 252?
True
Is 253187 a multiple of 16?
False
Does 66 divide 76758?
True
Does 876 divide 8424492?
True
Does 99 divide 631026?
True
Is 312 a factor of 8587499?
False
Is 20 a factor of 2438618?
False
Is 8 a factor of 15667?
False
Does 17 divide 3283108?
True
Is 5 a factor of 399313?
False
Does 11 divide 144408?
True
Is 449 a factor of 618852?
False
Is 4 a factor of 41745?
False
Is 354095 a multiple of 27?
False
Is 226567 a multiple of 178?
False
Is 7918481 a multiple of 70?
False
Is 16 a factor of 38114?
False
Is 39 a factor of 1487521?
False
Is 14 a factor of 1366666?
True
Is 99 a factor of 224730?
True
Does 68 divide 815394?
False
Does 2 divide 10222?
True
Does 371 divide 66038?
True
Is 127243 a multiple of 1496?
False
Does 231 div